 are the prime factors of 187661316?
2, 3, 15638443
What are the prime factors of 236173305?
3, 5, 15744887
What are the prime factors of 132915485?
5, 151, 176047
What are the prime factors of 41379161?
41379161
What are the prime factors of 1275989300?
2, 5, 12759893
List the prime factors of 104230192.
2, 11, 592217
List the prime factors of 121709307.
3, 17, 19, 23, 43, 127
What are the prime factors of 1798466382?
2, 3, 33304933
What are the prime factors of 118618857?
3, 7, 89659
List the prime factors of 94300287.
3, 19, 41, 40351
List the prime factors of 104985594.
2, 3, 7, 833219
What are the prime factors of 438183325?
5, 17527333
What are the prime factors of 178333125?
3, 5, 95111
What are the prime factors of 281195601?
3, 4253, 22039
List the prime factors of 2550194628.
2, 3, 6689, 31771
List the prime factors of 273460801.
701, 390101
List the prime factors of 3093931533.
3, 7, 11, 31, 432053
What are the prime factors of 12869975?
5, 587, 877
List the prime factors of 71560682.
2, 23, 1049, 1483
List the prime factors of 1665374508.
2, 3, 7, 1291, 5119
List the prime factors of 6044650000.
2, 5, 53, 2281
List the prime factors of 657023762.
2, 19, 197, 87767
What are the prime factors of 6689156482?
2, 3344578241
What are the prime factors of 380821145?
5, 76164229
What are the prime factors of 516836208?
2, 3, 7, 1538203
List the prime factors of 13011208.
2, 7, 283, 821
What are the prime factors of 3418141545?
3, 5, 7, 13, 278237
What are the prime factors of 204813801?
3, 1237, 18397
List the prime factors of 711044859.
3, 7, 33859279
What are the prime factors of 206592508?
2, 51648127
What are the prime factors of 21838576?
2, 1364911
What are the prime factors of 1706870713?
41, 281, 148153
What are the prime factors of 79725336?
2, 3, 3321889
What are the prime factors of 1971878743?
1971878743
List the prime factors of 1130649348.
2, 3, 101, 932879
List the prime factors of 132896639.
132896639
What are the prime factors of 3205656903?
3, 1068552301
List the prime factors of 262818139.
1423, 184693
What are the prime factors of 1376207862?
2, 3, 31, 43, 172069
What are the prime factors of 569909591?
139, 4100069
What are the prime factors of 1815909695?
5, 241, 1506979
What are the prime factors of 137818692?
2, 3, 11, 116009
List the prime factors of 410593157.
13, 239, 132151
List the prime factors of 65832150.
2, 3, 5, 19, 23099
List the prime factors of 6599534.
2, 1093, 3019
List the prime factors of 2900705307.
3, 233, 4149793
List the prime factors of 3554082891.
3, 73, 631, 8573
What are the prime factors of 2945747084?
2, 7, 163, 645431
List the prime factors of 2913767082.
2, 3, 157, 1031057
List the prime factors of 7728834745.
5, 5099, 303151
What are the prime factors of 73798364?
2, 18449591
List the prime factors of 2757911104.
2, 13, 19, 59, 2957
List the prime factors of 195059779.
195059779
What are the prime factors of 105770234?
2, 277, 190921
What are the prime factors of 131653729?
17, 151, 51287
What are the prime factors of 371590930?
2, 5, 17, 47, 46507
List the prime factors of 288893871.
3, 7, 509513
What are the prime factors of 241633479?
3, 1699, 47407
List the prime factors of 1373372910.
2, 3, 5, 7, 13, 61, 2749
What are the prime factors of 40802765?
5, 8160553
List the prime factors of 47783731.
47783731
What are the prime factors of 5540163547?
5540163547
What are the prime factors of 6302132878?
2, 41, 601, 3119
What are the prime factors of 2158766758?
2, 601, 1795979
What are the prime factors of 619981537?
7, 23, 823, 4679
What are the prime factors of 155683470?
2, 3, 5, 103, 50383
List the prime factors of 50529658.
2, 29, 67, 13003
List the prime factors of 599322685.
5, 13, 1499, 6151
What are the prime factors of 198349033?
23, 269, 32059
List the prime factors of 252798237.
3, 3547, 7919
List the prime factors of 21907657.
1489, 14713
List the prime factors of 5516027218.
2, 13, 19, 131, 85237
List the prime factors of 1552516542.
2, 3, 503, 171473
What are the prime factors of 275725506?
2, 3, 7, 347, 18919
What are the prime factors of 3036974556?
2, 3, 7, 11, 23, 142903
What are the prime factors of 1986620310?
2, 3, 5, 167, 44059
What are the prime factors of 67132854?
2, 3, 29, 163, 263
What are the prime factors of 52822263?
3, 13, 173, 7829
List the prime factors of 1746615343.
11, 17, 9340189
What are the prime factors of 1528699433?
1528699433
List the prime factors of 89650630.
2, 5, 37, 101, 2399
List the prime factors of 6257075165.
5, 11, 17, 608369
List the prime factors of 217393316.
2, 7, 41, 409, 463
What are the prime factors of 24894943?
71, 521, 673
What are the prime factors of 107184298?
2, 13, 31, 71, 1873
List the prime factors of 30625428.
2, 3, 2552119
What are the prime factors of 2494797827?
4013, 621679
List the prime factors of 1307880090.
2, 3, 5, 11, 137, 9643
What are the prime factors of 28979313?
3, 11, 19, 46219
What are the prime factors of 116611026?
2, 3, 7, 31, 89563
What are the prime factors of 1922607131?
19, 101189849
What are the prime factors of 116703284?
2, 29175821
What are the prime factors of 1548556074?
2, 3, 13, 6617761
What are the prime factors of 521792705?
5, 7, 14908363
List the prime factors of 420747879.
3, 97, 991, 1459
List the prime factors of 2496554963.
7, 757, 471137
What are the prime factors of 504291243?
3, 751, 223831
List the prime factors of 23654394.
2, 3, 1314133
List the prime factors of 6603838.
2, 3301919
List the prime factors of 26904651.
3, 41, 218737
What are the prime factors of 387982032?
2, 3, 23, 457, 769
List the prime factors of 4011101038.
2, 7, 139, 2061203
What are the prime factors of 995792919?
3, 11, 439, 68737
List the prime factors of 66543163.
23, 359, 8059
What are the prime factors of 17374719?
3, 37, 157, 997
What are the prime factors of 720327335?
5, 7, 13, 19, 97, 859
What are the prime factors of 257314506?
2, 3, 29, 307, 4817
List the prime factors of 37984006.
2, 71, 267493
List the prime factors of 359722557.
3, 39969173
What are the prime factors of 135810633?
3, 7, 521, 12413
List the prime factors of 5451720.
2, 3, 5, 181, 251
What are the prime factors of 53989776?
2, 3, 374929
What are the prime factors of 476373342?
2, 3, 31, 41, 62467
List the prime factors of 1622676275.
5, 11, 5900641
What are the prime factors of 2101836552?
2, 3, 87576523
What are the prime factors of 15874738?
2, 11, 23, 137, 229
What are the prime factors of 52805986?
2, 26402993
List the prime factors of 99699506.
2, 29, 181, 9497
What are the prime factors of 3273302705?
5, 71, 167, 55213
List the prime factors of 17532841.
17532841
List the prime factors of 85566349.
11, 7778759
List the prime factors of 103640386.
2, 51820193
What are the prime factors of 4988938149?
3, 13, 839, 5647
List the prime factors of 927358338.
2, 3, 154559723
What are the prime factors of 648896057?
269, 1277, 1889
List the prime factors of 356763948.
2, 3, 23, 43, 1307
What are the prime factors of 74154021?
3, 24718007
What are the prime factors of 1906753834?
2, 953376917
What are the prime factors of 462553285?
5, 71, 839, 1553
What are the prime factors of 13131970?
2, 5, 73, 17989
What are the prime factors of 293571734?
2, 146785867
What are the prime factors of 101454895?
5, 17, 61, 1151
List the prime factors of 511065422.
2, 7, 36504673
What are the prime factors of 76034048?
2, 19, 977
List the prime factors of 211574521.
211574521
What are the prime factors of 43886404?
2, 10971601
What are the prime factors of 20322248?
2, 19, 23, 5813
What are the prime factors of 1486514624?
2, 7, 313, 10601
List the prime factors of 23591618.
2, 11795809
List the prime factors of 51682934.
2, 431, 59957
List the prime factors of 1599595624.
2, 11, 2399, 7577
What are the prime factors of 3354592004?
2, 838648001
List the prime factors of 1433310381.
3, 10169, 15661
List the prime factors of 1020374623.
1020374623
List the prime factors of 1599778418.
2, 7, 114269887
What are the prime factors of 72470374?
2, 31, 1168877
List the prime factors of 572937237.
3, 63659693
List the prime factors of 2536497061.
7, 443, 601, 1361
What are the prime factors of 729284241?
3, 7, 17, 2042813
List the prime factors 